ctors of (b + -2)*12/(-8).
3, 11
Let l = 84 - 80. Suppose 0 = -3*g + d + 110, 4*d + 143 = l*g - d. What are the prime factors of g?
37
Let p(l) = -9*l + 2. Let x be p(9). Let f = x + 144. Let j = f - 34. List the prime factors of j.
31
Let p(f) = -13*f**3 - 1. List the prime factors of p(-3).
2, 5, 7
Suppose -11 = 4*b + 5*z, -11 = b - 2*b - 4*z. What are the prime factors of ((-45)/12)/(b/120)?
2, 5
Let g(n) = -32*n + 87. List the prime factors of g(-7).
311
Suppose s - 5 = -2. Suppose 0 = -0*m - 4*m - 4*x + 988, s*m - 5*x - 757 = 0. Suppose 5*f = -2*y + 308, f = 5*f - y - m. List the prime factors of f.
2, 31
Suppose -153*d = -149*d - 1216. List the prime factors of d.
2, 19
Let p be (218/2)/(3/(-9)*-3). Suppose 0 = 4*d + 352 - 92. Let f = p + d. List the prime factors of f.
2, 11
Suppose 2*q - 3*z - 10 = 94, -2*q - 5*z = -104. List the prime factors of (-6)/2 + 2 - (-1 - q).
2, 13
Let l(s) be the second derivative of 0 - 4*s - 2/3*s**3 + 0*s**2. List the prime factors of l(-5).
2, 5
Let f(k) = 17*k**2 - 26*k - 2. What are the prime factors of f(-8)?
2, 647
Let x(q) = -21*q**3 + q**2 + 2*q - 2. Let h be 0 + 1 + 0 + 0. Let p be x(h). List the prime factors of ((-24)/p)/((-3)/(-20)).
2
Let g be ((-8)/6)/((-2)/3). Suppose 4*c = -12, 42 = g*r - c - c. Suppose -r = -l + 4. What are the prime factors of l?
2, 11
Let q(l) = -13*l**3 - 9*l**2 + 5*l + 5. What are the prime factors of q(-4)?
673
Suppose 4*o - 4*b - 764 = 0, 4*o - 2*o = -5*b + 375. List the prime factors of o.
2, 5, 19
Let v = 4474 - 3119. List the prime factors of v.
5, 271
Suppose 0 = 4*s + 2*s - 54. Suppose 5*r - s*r + 260 = 0. List the prime factors of r.
5, 13
Let r(n) = -n**3 + 16*n**2 + 3*n + 17. Let p(c) = -c**3 + 15*c**2 + 3*c + 17. Let b(g) = 4*p(g) - 3*r(g). What are the prime factors of b(12)?
53
Let x be -6*4/12*2. Let a be (2/(-4))/(x/144). List the prime factors of -1 + a - (-1 - 3).
3, 7
Let c(p) = 3*p + 7. Let m be c(-1). Suppose -i + 0*i = -r + 79, -m*i = 16. What are the prime factors of r?
3, 5
Suppose 1179 = 4*o - 3*i, 0 = -o - 5*i - 3 + 269. What are the prime factors of o?
3, 97
Let v be 9/1 + 5 + -2. Let t = v - 10. Suppose -r - t*n + 4 = 0, -3*n - 7 + 20 = 2*r. List the prime factors of r.
2, 7
Let w(h) = 7*h**3 - 3*h**2 - 11. What are the prime factors of w(8)?
3, 7, 23
Let b be 8/14 + 9/(63/(-4)). Let z(u) = u**2 - 3*u + 1. Let m be z(-5). Suppose o - m = -b*o. What are the prime factors of o?
41
List the prime factors of (-2 - -3*(-7122)/72)*-8.
2, 5, 239
Let m = -395 - -769. List the prime factors of m.
2, 11, 17
Let x be 3/(-2)*(-40)/3. Suppose -4*t + 126 = -2*o, 0 = 3*o + o - x. List the prime factors of t.
2, 17
Let x be (-4)/14 - (3 + 111/(-21)). Suppose x*f + w = 3*f - 120, -4*f + 478 = -3*w. List the prime factors of f.
2, 59
Let l = 13 + -7. List the prime factors of 3/9 - (-196)/l.
3, 11
Suppose -7*u + 3595 = -1655. What are the prime factors of u?
2, 3, 5
Let c = 2 - -2. Suppose -5*x + c = -6. What are the prime factors of (-3)/6 + 27/x?
13
What are the prime factors of (-3454)/(-10) + (-252)/(-45) + -6?
3, 5, 23
Suppose b + 11 = 3*f, -3*f + 5 + 3 = -4*b. Suppose 221 = f*r - 143. What are the prime factors of r?
7, 13
Suppose 4*t = 728 + 288. What are the prime factors of t?
2, 127
List the prime factors of 468391/231 + (-4)/6.
2027
Let w be 4/(-6) + (-12)/(-18). Let c be (w + 2 + -1)*0. Suppose 3*k - h - 81 = 3*h, k + 5*h - 8 = c. What are the prime factors of k?
23
Let w = 33 + -61. Let x = w - -50. Suppose h - 1 - x = p, 5*h - 151 = -4*p. What are the prime factors of h?
3
Suppose -2*y - 12 = -8. Let l = y + 121. What are the prime factors of l?
7, 17
Let q be 91 - (4 - (6 + -3)). List the prime factors of (-1 - (-25)/7)/(q/7140).
2, 3, 17
Let t = 780 - 463. Suppose -2*u + 286 = 5*s - t, -2*s = u - 303. What are the prime factors of u?
3, 103
Let q be (15 - (-2 - -3)) + -2. Let x be 2/((-3)/q*-2). Suppose x*y - 1 - 23 = 0. What are the prime factors of y?
2, 3
Let h(i) = 3*i - 11. Suppose 0 = -4*p + 32 + 32. Let b be (24/p)/((-1)/(-6)). List the prime factors of h(b).
2
Let b(p) be the first derivative of -p**2/2 + 2*p + 2. Let y be 3 - (3 + 5 - (-2 + 4)). What are the prime factors of b(y)?
5
Let x = -327 - -39. What are the prime factors of x/120*(-1 - 4)?
2, 3
Let j = 17 - 24. Let i be (198/21)/(-1)*j. Let x = i - 27. List the prime factors of x.
3, 13
Suppose -5*t + 25 = -5*z - 10, 0 = -3*t - z + 13. Suppose -a - v + 80 = v, 0 = t*v - 20. List the prime factors of a.
2, 3
Suppose -5*f = -9*f + 1240. Let h = 507 - f. What are the prime factors of h?
197
Suppose 146 = 4*r - 4*g + g, 3*r = 2*g + 109. Suppose -h + r = 5. List the prime factors of (h/8 + -3)*28.
3, 7
Let z(x) = 340*x**3 - 5*x**2 + 6*x + 1. What are the prime factors of z(2)?
2713
Suppose 2*j = -2*f + 7322 - 66, -f = -3. What are the prime factors of j?
5, 29
Suppose -j = -2*b - 1795, 7*j = 3*j - 4*b + 7228. What are the prime factors of j?
3, 601
Let a(j) = j**3 - 4*j**2 - 5*j. Let u be a(5). Suppose 0 = -4*q + 4*w - 69 - 119, u = -2*q - 3*w - 94. Let g = q + 77. What are the prime factors of g?
2, 3, 5
Suppose 5*v + 374 = 2*h, 0*h = -5*h - 5*v + 935. List the prime factors of h.
11, 17
Let t = 254 - 167. Suppose -2*u + 267 = -t. What are the prime factors of u?
3, 59
Suppose 2*c - 31 - 274 = -5*y, 5*c - 772 = -3*y. Suppose -2*m - 4*b = -360, 2*b + c = m - b. What are the prime factors of m?
2, 5, 17
Let p(z) = -z**3 + z. Let a be p(-2). Suppose a*g = 623 + 127. Suppose -4*d = d - g. What are the prime factors of d?
5
Suppose -t - 11 = -5*o, -3*o + 3*t = t - 1. Let m(n) = -7 + 4*n - 3*n + 3 + o*n. What are the prime factors of m(6)?
2, 5
Let l(i) be the first derivative of -29*i**4/4 - i**3/3 - i**2/2 + 10. List the prime factors of l(-1).
29
Suppose -2*k - 719 = -4*s + 473, -4*k = 4*s - 1216. List the prime factors of s.
2, 3, 5
Suppose 7802 - 2327 = 15*b. List the prime factors of b.
5, 73
Let p(m) = -m**2 + 9*m + 18. Let a be p(10). Let n(w) = 0*w + 6*w**2 - 13 + a - w. List the prime factors of n(3).
2, 23
Let z(d) = -9*d**3 + 5*d**2 - 5*d + 2. Let k be z(2). Let g = 113 + k. List the prime factors of g.
53
Suppose -12*q = -5*q - 2093. What are the prime factors of q?
13, 23
Suppose o - 12 + 4 = 0. Suppose -o*l + 3*l = -130. List the prime factors of l.
2, 13
Suppose 0 = -3*h + 8 + 1. Let u be (189/54)/(0 + 1/4). Suppose -h*l = -2*l - u. List the prime factors of l.
2, 7
Suppose -2*p - 2*p + 4*n - 312 = 0, 310 = -4*p + 5*n. Let k = 114 + p. List the prime factors of k.
2, 17
Let l = 3 - 15. What are the prime factors of 2 - (-8)/l*-93?
2
Suppose -4*o + 1263 = -o. Suppose -3*z + o = 79. List the prime factors of z.
2, 3, 19
Let s(q) = 36*q**2 - 18*q + 58. Let c(b) = 12*b**2 - 6*b + 19. Let n(p) = -11*c(p) + 4*s(p). What are the prime factors of n(4)?
191
Let g(f) = -3*f - 46. Let b be g(-25). Suppose b*l - 28*l = 141. What are the prime factors of l?
3, 47
Suppose -8874 = -18*h + 12*h. List the prime factors of h.
3, 17, 29
Suppose -5 = 5*q, 3*k + 2*q - 1402 = -0*k. What are the prime factors of k?
2, 3, 13
Let x = -302 - -465. What are the prime factors of x?
163
Suppose 2*g + 6 = 4*h + 4*g, 5*h + 5 = -5*g. Suppose -4*p + 27 + 35 = -3*f, -h*f + 93 = 5*p. Let q = 36 - p. List the prime factors of q.
19
Let j be (12/8)/((-6)/(-40)). Let r = 16 - j. List the prime factors of r.
2, 3
Let v be 525/(-20) + -4 + (-1)/(-4). Let m = v + 54. List the prime factors of m.
2, 3
Let r(i) = -5*i + 6. Let c be 4/(-1)*(-9)/6. Let v be r(c). Let g = -14 - v. What are the prime factors of g?
2, 5
Let x = -3 + 8. Let f(h) = 0*h - 4*h + 5*h + 12 - x*h + h**2. What are the prime factors of f(5)?
17
Let s = -4391 + 7106. What are the prime factors of s?
3, 5, 181
Suppose 0 = -2*u - 6, 2*g - 3*g + 2*u = -15. Suppose 20*z - 99 = g*z. List the prime factors of z.
3
Suppose 1792 = 2*n - 4*b, 7 = -b + 2. List the prime factors of n.
2, 443
Let z(h) = h**3 - 4*h**2 + h - 1. Let p be z(4). Suppose -a + 0*a = -p. Suppose -6 = -a*l + 2*o, -l + 2*o - 1 - 1 = 0. List the prime factors of l.
2
Let m = 10 - 11. Let p(u) = u + 1. Let z(a) = -40*a + 3. Let t(g) = m*z(g) + 4*p(g). List the prime factors of t(1).
3, 5
Suppose 5*m - 58 - 623 = 3*r, 3*r = m - 141. Suppose 2*i + 41 = m. List the prime factors of i